{"id":905,"date":"2023-05-23T13:51:23","date_gmt":"2023-05-23T13:51:23","guid":{"rendered":"https:\/\/marq-sostenible.com\/?page_id=905"},"modified":"2024-12-17T11:36:35","modified_gmt":"2024-12-17T11:36:35","slug":"proyectos-de-arquitectura-sostenible","status":"publish","type":"page","link":"https:\/\/marq-sostenible.com\/es\/proyectos-de-arquitectura-sostenible\/","title":{"rendered":"Proyectos de arquitectura sostenible"},"content":{"rendered":"<style>.kb-row-layout-id905_f5d8f2-83 > .kt-row-column-wrap{align-content:start;}:where(.kb-row-layout-id905_f5d8f2-83 > .kt-row-column-wrap) > .wp-block-kadence-column{justify-content:start;}.kb-row-layout-id905_f5d8f2-83 > .kt-row-column-wrap{column-gap:var(--global-kb-gap-md, 2rem);row-gap:var(--global-kb-gap-md, 2rem);padding-top:0px;padding-bottom:0px;grid-template-columns:repeat(2, minmax(0, 1fr));}.kb-row-layout-id905_f5d8f2-83 > .kt-row-layout-overlay{opacity:0.30;}@media all and (max-width: 1024px){.kb-row-layout-id905_f5d8f2-83 > .kt-row-column-wrap{grid-template-columns:repeat(2, minmax(0, 1fr));}}@media all and (max-width: 767px){.kb-row-layout-id905_f5d8f2-83 > .kt-row-column-wrap{grid-template-columns:minmax(0, 1fr);}}<\/style><div class=\"kb-row-layout-wrap kb-row-layout-id905_f5d8f2-83 alignnone header_inside_01 wp-block-kadence-rowlayout\"><div class=\"kt-row-column-wrap kt-has-2-columns kt-row-layout-equal kt-tab-layout-inherit kt-mobile-layout-row kt-row-valign-top\">\n<style>.kadence-column905_7d6cd0-01 > .kt-inside-inner-col,.kadence-column905_7d6cd0-01 > .kt-inside-inner-col:before{border-top-left-radius:0px;border-top-right-radius:0px;border-bottom-right-radius:0px;border-bottom-left-radius:0px;}.kadence-column905_7d6cd0-01 > .kt-inside-inner-col{column-gap:var(--global-kb-gap-sm, 1rem);}.kadence-column905_7d6cd0-01 > .kt-inside-inner-col{flex-direction:column;}.kadence-column905_7d6cd0-01 > .kt-inside-inner-col > .aligncenter{width:100%;}.kadence-column905_7d6cd0-01 > .kt-inside-inner-col:before{opacity:0.3;}.kadence-column905_7d6cd0-01{position:relative;}@media all and (max-width: 1024px){.kadence-column905_7d6cd0-01 > .kt-inside-inner-col{flex-direction:column;justify-content:center;}}@media all and (max-width: 767px){.kadence-column905_7d6cd0-01 > .kt-inside-inner-col{flex-direction:column;justify-content:center;}}<\/style>\n<div class=\"wp-block-kadence-column kadence-column905_7d6cd0-01\"><div class=\"kt-inside-inner-col\">\n<h1 class=\"wp-block-heading animated fadeIn\">Proyectos<\/h1>\n\n\n\n<p class=\"txt_colour animated fadeIn slower\">Queremos crear espacios para vivir. Desarrollamos proyectos de arquitectura sostenible, rehabilitaciones energ\u00e9ticas para transformar edificios existentes en espacios eficientes y sostenibles, y servicios de interiorismo personalizado para crear espacios confortables, est\u00e9ticos y funcionales.<\/p>\n<\/div><\/div>\n\n\n<style>.kadence-column905_33c3ff-b1 > .kt-inside-inner-col,.kadence-column905_33c3ff-b1 > .kt-inside-inner-col:before{border-top-left-radius:0px;border-top-right-radius:0px;border-bottom-right-radius:0px;border-bottom-left-radius:0px;}.kadence-column905_33c3ff-b1 > .kt-inside-inner-col{column-gap:var(--global-kb-gap-sm, 1rem);}.kadence-column905_33c3ff-b1 > .kt-inside-inner-col{flex-direction:column;}.kadence-column905_33c3ff-b1 > .kt-inside-inner-col > .aligncenter{width:100%;}.kadence-column905_33c3ff-b1 > .kt-inside-inner-col:before{opacity:0.3;}.kadence-column905_33c3ff-b1{position:relative;}@media all and (max-width: 1024px){.kadence-column905_33c3ff-b1 > .kt-inside-inner-col{flex-direction:column;justify-content:center;}}@media all and (max-width: 767px){.kadence-column905_33c3ff-b1 > .kt-inside-inner-col{flex-direction:column;justify-content:center;}}<\/style>\n<div class=\"wp-block-kadence-column kadence-column905_33c3ff-b1\"><div class=\"kt-inside-inner-col\"><\/div><\/div>\n\n<\/div><\/div>\n\n<div  class=\"ultp-post-grid-block wp-block-ultimate-post-post-grid-1 ultp-block-8acf24 block_projects_list\"><div class=\"ultp-block-wrapper\"><div class=\"ultp-loading\"><div class=\"ultp-loading-blocks\" style=\"width:100%;height:100%;\"><div style=\"left: 0;top: 0;animation-delay:0s;\"><\/div><div style=\"left: 21px;top: 0;animation-delay:0.125s;\"><\/div><div style=\"left: 42px;top: 0;animation-delay:0.25s;\"><\/div><div style=\"left: 0;top: 21px;animation-delay:0.875s;\"><\/div><div style=\"left: 42px;top: 21px;animation-delay:0.375s;\"><\/div><div style=\"left: 0;top: 42px;animation-delay:0.75s;\"><\/div><div style=\"left: 42px;top: 42px;animation-delay:0.625s;\"><\/div><div style=\"left: 21px;top: 42px;animation-delay:0.5s;\"><\/div><\/div><\/div><div class=\"ultp-heading-filter\"><div class=\"ultp-heading-filter-in\"><div class=\"ultp-filter-navigation\"><\/div><\/div><\/div><div class=\"ultp-block-items-wrap ultp-block-row ultp-pg1a-style1 ultp-grid1-responsive ultp-block-column-2 1 ultp-xs-column-1 ultp-layout1\"><div class=\"ultp-block-item post-id-1022\"><div class=\"ultp-block-content-wrap\"><div class=\"ultp-block-image ultp-block-image-zoomIn\"><a href=\"https:\/\/marq-sostenible.com\/es\/casa-b5\/\"><img decoding=\"async\"  class=\"ultp-block-image-content\"  alt=\"Casa B5\"  src=\"https:\/\/marq-sostenible.com\/wp-content\/uploads\/2024\/12\/marquitectura_b5_destacada-870x570.webp\" \/><\/a><\/div><div class=\"ultp-block-content\"><h2 class=\"ultp-block-title \"><a href=\"https:\/\/marq-sostenible.com\/es\/casa-b5\/\">Reforma integral Casa B5<\/a><\/h2><div class=\"ultp-block-excerpt\"><p>Proyectos Reforma integral Casa B5 La reforma integral de esta vivienda, situada en el distrito de Sarri\u00e0-Sant Gervasi, parte de la voluntad&hellip;<\/p>\n<\/div><\/div><\/div><\/div><div class=\"ultp-block-item post-id-991\"><div class=\"ultp-block-content-wrap\"><div class=\"ultp-block-image ultp-block-image-zoomIn\"><a href=\"https:\/\/marq-sostenible.com\/es\/casa-sanzano\/\"><img decoding=\"async\"  class=\"ultp-block-image-content\"  alt=\"Casa Sanzano, Ciutat Vella, Barcelona\"  src=\"https:\/\/marq-sostenible.com\/wp-content\/uploads\/2024\/12\/marquitectura_casa_sanzano_destacado-870x570.webp\" \/><\/a><\/div><div class=\"ultp-block-content\"><h2 class=\"ultp-block-title \"><a href=\"https:\/\/marq-sostenible.com\/es\/casa-sanzano\/\">Transformaci\u00f3n arquitect\u00f3nica Casa Sanzano<\/a><\/h2><div class=\"ultp-block-excerpt\"><p>Proyectos Transformaci\u00f3n arquitect\u00f3nica Casa Sanzano Una antigua lecher\u00eda, propiedad de la misma familia desde hace casi un siglo, se convierte en el&hellip;<\/p>\n<\/div><\/div><\/div><\/div><div class=\"ultp-block-item post-id-1060\"><div class=\"ultp-block-content-wrap\"><div class=\"ultp-block-image ultp-block-image-zoomIn\"><a href=\"https:\/\/marq-sostenible.com\/es\/pavello-blanc\/\"><img decoding=\"async\"  class=\"ultp-block-image-content\"  alt=\"Pavell\u00f3 Blanc Port de Barcelona exterior\"  src=\"https:\/\/marq-sostenible.com\/wp-content\/uploads\/2024\/12\/marquitectura_pavelloblanc_destacada-870x570.webp\" \/><\/a><\/div><div class=\"ultp-block-content\"><h2 class=\"ultp-block-title \"><a href=\"https:\/\/marq-sostenible.com\/es\/pavello-blanc\/\">Pavell\u00f3 Blanc<\/a><\/h2><div class=\"ultp-block-excerpt\"><p>Proyectos Pavell\u00f3 Blanc El pabell\u00f3n externo es una construcci\u00f3n espec\u00edficamente concebida para un uso temporal, que responde a dos premisas fundamentales: alcanzar&hellip;<\/p>\n<\/div><\/div><\/div><\/div><div class=\"ultp-block-item post-id-921\"><div class=\"ultp-block-content-wrap\"><div class=\"ultp-block-image ultp-block-image-zoomIn\"><a href=\"https:\/\/marq-sostenible.com\/es\/casa-en-terramar-sitges\/\"><img decoding=\"async\"  class=\"ultp-block-image-content\"  alt=\"Casa BF, Sitges\"  src=\"https:\/\/marq-sostenible.com\/wp-content\/uploads\/2023\/05\/casa_terramar_sitges_01.webp\" \/><\/a><\/div><div class=\"ultp-block-content\"><h2 class=\"ultp-block-title \"><a href=\"https:\/\/marq-sostenible.com\/es\/casa-en-terramar-sitges\/\">Casa BF, Sitges<\/a><\/h2><div class=\"ultp-block-excerpt\"><p>Proyectos Casa BF, Sitges Rehabilitaci\u00f3n de vivienda unifamiliar aislada con criterios de eficiencia energ\u00e9tica. Rehabilitaci\u00f3n de vivienda unifamiliar aislada con criterios de&hellip;<\/p>\n<\/div><\/div><\/div><\/div><div class=\"ultp-block-item post-id-919\"><div class=\"ultp-block-content-wrap\"><div class=\"ultp-block-image ultp-block-image-zoomIn\"><a href=\"https:\/\/marq-sostenible.com\/es\/casa-gz-les-navas-barcelona\/\"><img decoding=\"async\"  class=\"ultp-block-image-content\"  alt=\"Casa GZ, les Navas, Barcelona\"  src=\"https:\/\/marq-sostenible.com\/wp-content\/uploads\/2023\/05\/casa_gz_navas_slider_01-870x570.webp\" \/><\/a><\/div><div class=\"ultp-block-content\"><h2 class=\"ultp-block-title \"><a href=\"https:\/\/marq-sostenible.com\/es\/casa-gz-les-navas-barcelona\/\">Casa GZ, les Navas, Barcelona<\/a><\/h2><div class=\"ultp-block-excerpt\"><p>Projectes Casa GZ, les Navas, Barcelona Rehabilitaci\u00f3n de vivienda unifamiliar entre medianeras con criterios de eficiencia energ\u00e9tica y arquitectura sostenible. Vivienda con&hellip;<\/p>\n<\/div><\/div><\/div><\/div><div class=\"ultp-block-item post-id-915\"><div class=\"ultp-block-content-wrap\"><div class=\"ultp-block-image ultp-block-image-zoomIn\"><a href=\"https:\/\/marq-sostenible.com\/es\/casa-sa-berga-el-bergueda\/\"><img decoding=\"async\"  class=\"ultp-block-image-content\"  alt=\"Casa SA, Berga, el Bergued\u00e0\"  src=\"https:\/\/marq-sostenible.com\/wp-content\/uploads\/2023\/05\/casa_sa_berga_slider_01-870x570.webp\" \/><\/a><\/div><div class=\"ultp-block-content\"><h2 class=\"ultp-block-title \"><a href=\"https:\/\/marq-sostenible.com\/es\/casa-sa-berga-el-bergueda\/\">Casa SA, Berga, el Bergued\u00e0<\/a><\/h2><div class=\"ultp-block-excerpt\"><p>Proyectos Casa SA, Berga, el Bergued\u00e0 Rehabilitaci\u00f3n de vivienda unifamiliar entre medianeras. Lugar: Berga, el Bergued\u00e0Superficie: 120 m\u00b2Presupuesto: 80.000 \u20acProyecto: 2017-2018 |&hellip;<\/p>\n<\/div><\/div><\/div><\/div><\/div><div class=\"ultp-pagination-wrap ultp-pagination-ajax-action\" data-paged=\"1\" data-expost=\"\"  data-blockid=\"8acf24\" data-postid=\"905\" data-pages=\"2\" data-blockname=\"ultimate-post_post-grid-1\" data-selfpostid=\"yes\"><ul class=\"ultp-pagination\"><li class=\"ultp-prev-page-numbers\" style=\"display:none\"><a href=\"https:\/\/marq-sostenible.com\/es\/wp-json\/wp\/v2\/pages\/905\/\"><svg xmlns=\"http:\/\/www.w3.org\/2000\/svg\" fill=\"none\" viewBox=\"0 0 24 24\">\n  <path stroke=\"currentColor\" stroke-linecap=\"round\" stroke-linejoin=\"round\" stroke-width=\"1.5\" d=\"m15 18-6-6 6-6\"\/>\n<\/svg>\n Anterior<\/a><\/li><li class=\"ultp-center-item pagination-active\" data-current=\"1\"><a href=\"https:\/\/marq-sostenible.com\/es\/wp-json\/wp\/v2\/pages\/905\/\">1<\/a><\/li><li class=\"ultp-center-item\" data-current=\"2\" ><a href=\"https:\/\/marq-sostenible.com\/es\/wp-json\/wp\/v2\/pages\/905\/page\/2\/\">2<\/a><\/li><li class=\"ultp-last-dot\" style=\"display:none\"><a href=\"#\">&#8230;<\/a><\/li><li class=\"ultp-next-page-numbers\"><a href=\"https:\/\/marq-sostenible.com\/es\/wp-json\/wp\/v2\/pages\/905\/page\/2\/\">Siguiente<svg xmlns=\"http:\/\/www.w3.org\/2000\/svg\" fill=\"none\" viewBox=\"0 0 24 24\">\n  <path stroke=\"currentColor\" stroke-linecap=\"round\" stroke-linejoin=\"round\" stroke-width=\"1.5\" d=\"m9 18 6-6-6-6\"\/>\n<\/svg>\n<\/a><\/li><\/ul><\/div><\/div><div class=\"pagination-block-html\" aria-hidden=\"true\" style=\"display: none;\"><\/div><\/div>","protected":false},"excerpt":{"rendered":"<p>Proyectos Queremos crear espacios para vivir. Desarrollamos proyectos de arquitectura sostenible, rehabilitaciones energ\u00e9ticas para transformar edificios existentes en espacios eficientes y sostenibles, y servicios de interiorismo personalizado para crear espacios confortables, est\u00e9ticos y funcionales.<\/p>\n","protected":false},"author":1,"featured_media":0,"parent":0,"menu_order":0,"comment_status":"closed","ping_status":"closed","template":"templates\/template-builder.php","meta":{"inline_featured_image":false,"footnotes":""},"class_list":["post-905","page","type-page","status-publish","hentry","post","without-featured-image"],"_links":{"self":[{"href":"https:\/\/marq-sostenible.com\/es\/wp-json\/wp\/v2\/pages\/905","targetHints":{"allow":["GET"]}}],"collection":[{"href":"https:\/\/marq-sostenible.com\/es\/wp-json\/wp\/v2\/pages"}],"about":[{"href":"https:\/\/marq-sostenible.com\/es\/wp-json\/wp\/v2\/types\/page"}],"author":[{"embeddable":true,"href":"https:\/\/marq-sostenible.com\/es\/wp-json\/wp\/v2\/users\/1"}],"replies":[{"embeddable":true,"href":"https:\/\/marq-sostenible.com\/es\/wp-json\/wp\/v2\/comments?post=905"}],"version-history":[{"count":3,"href":"https:\/\/marq-sostenible.com\/es\/wp-json\/wp\/v2\/pages\/905\/revisions"}],"predecessor-version":[{"id":1063,"href":"https:\/\/marq-sostenible.com\/es\/wp-json\/wp\/v2\/pages\/905\/revisions\/1063"}],"wp:attachment":[{"href":"https:\/\/marq-sostenible.com\/es\/wp-json\/wp\/v2\/media?parent=905"}],"curies":[{"name":"wp","href":"https:\/\/api.w.org\/{rel}","templated":true}]}}

<style>.kb-row-layout-id905_f5d8f2-83 > .kt-row-column-wrap{align-content:start;}:where(.kb-row-layout-id905_f5d8f2-83 > .kt-row-column-wrap) > .wp-block-kadence-column{justify-content:start;}.kb-row-layout-id905_f5d8f2-83 > .kt-row-column-wrap{column-gap:var(--global-kb-gap-md, 2rem);row-gap:var(--global-kb-gap-md, 2rem);padding-top:0px;padding-bottom:0px;grid-template-columns:repeat(2, minmax(0, 1fr));}.kb-row-layout-id905_f5d8f2-83 > .kt-row-layout-overlay{opacity:0.30;}@media all and (max-width: 1024px){.kb-row-layout-id905_f5d8f2-83 > .kt-row-column-wrap{grid-template-columns:repeat(2, minmax(0, 1fr));}}@media all and (max-width: 767px){.kb-row-layout-id905_f5d8f2-83 > .kt-row-column-wrap{grid-template-columns:minmax(0, 1fr);}}</style><div class="kb-row-layout-wrap kb-row-layout-id905_f5d8f2-83 alignnone header_inside_01 wp-block-kadence-rowlayout"><div class="kt-row-column-wrap kt-has-2-columns kt-row-layout-equal kt-tab-layout-inherit kt-mobile-layout-row kt-row-valign-top">
<style>.kadence-column905_7d6cd0-01 > .kt-inside-inner-col,.kadence-column905_7d6cd0-01 > .kt-inside-inner-col:before{border-top-left-radius:0px;border-top-right-radius:0px;border-bottom-right-radius:0px;border-bottom-left-radius:0px;}.kadence-column905_7d6cd0-01 > .kt-inside-inner-col{column-gap:var(--global-kb-gap-sm, 1rem);}.kadence-column905_7d6cd0-01 > .kt-inside-inner-col{flex-direction:column;}.kadence-column905_7d6cd0-01 > .kt-inside-inner-col > .aligncenter{width:100%;}.kadence-column905_7d6cd0-01 > .kt-inside-inner-col:before{opacity:0.3;}.kadence-column905_7d6cd0-01{position:relative;}@media all and (max-width: 1024px){.kadence-column905_7d6cd0-01 > .kt-inside-inner-col{flex-direction:column;justify-content:center;}}@media all and (max-width: 767px){.kadence-column905_7d6cd0-01 > .kt-inside-inner-col{flex-direction:column;justify-content:center;}}</style>
<div class="wp-block-kadence-column kadence-column905_7d6cd0-01"><div class="kt-inside-inner-col">
<h1 class="wp-block-heading animated fadeIn">Proyectos</h1>



<p class="txt_colour animated fadeIn slower">Queremos crear espacios para vivir. Desarrollamos proyectos de arquitectura sostenible, rehabilitaciones energéticas para transformar edificios existentes en espacios eficientes y sostenibles, y servicios de interiorismo personalizado para crear espacios confortables, estéticos y funcionales.</p>
</div></div>


<style>.kadence-column905_33c3ff-b1 > .kt-inside-inner-col,.kadence-column905_33c3ff-b1 > .kt-inside-inner-col:before{border-top-left-radius:0px;border-top-right-radius:0px;border-bottom-right-radius:0px;border-bottom-left-radius:0px;}.kadence-column905_33c3ff-b1 > .kt-inside-inner-col{column-gap:var(--global-kb-gap-sm, 1rem);}.kadence-column905_33c3ff-b1 > .kt-inside-inner-col{flex-direction:column;}.kadence-column905_33c3ff-b1 > .kt-inside-inner-col > .aligncenter{width:100%;}.kadence-column905_33c3ff-b1 > .kt-inside-inner-col:before{opacity:0.3;}.kadence-column905_33c3ff-b1{position:relative;}@media all and (max-width: 1024px){.kadence-column905_33c3ff-b1 > .kt-inside-inner-col{flex-direction:column;justify-content:center;}}@media all and (max-width: 767px){.kadence-column905_33c3ff-b1 > .kt-inside-inner-col{flex-direction:column;justify-content:center;}}</style>
<div class="wp-block-kadence-column kadence-column905_33c3ff-b1"><div class="kt-inside-inner-col"></div></div>

</div></div>

<div  class="ultp-post-grid-block wp-block-ultimate-post-post-grid-1 ultp-block-8acf24 block_projects_list"><div class="ultp-block-wrapper"><div class="ultp-loading"><div class="ultp-loading-blocks" style="width:100%;height:100%;"><div style="left: 0;top: 0;animation-delay:0s;"></div><div style="left: 21px;top: 0;animation-delay:0.125s;"></div><div style="left: 42px;top: 0;animation-delay:0.25s;"></div><div style="left: 0;top: 21px;animation-delay:0.875s;"></div><div style="left: 42px;top: 21px;animation-delay:0.375s;"></div><div style="left: 0;top: 42px;animation-delay:0.75s;"></div><div style="left: 42px;top: 42px;animation-delay:0.625s;"></div><div style="left: 21px;top: 42px;animation-delay:0.5s;"></div></div></div><div class="ultp-heading-filter"><div class="ultp-heading-filter-in"><div class="ultp-filter-navigation"></div></div></div><div class="ultp-block-items-wrap ultp-block-row ultp-pg1a-style1 ultp-grid1-responsive ultp-block-column-2 1 ultp-xs-column-1 ultp-layout1"><div class="ultp-block-item post-id-1022"><div class="ultp-block-content-wrap"><div class="ultp-block-image ultp-block-image-zoomIn"><a href="https://marq-sostenible.com/es/casa-b5/"><img decoding="async"  class="ultp-block-image-content"  alt="Casa B5"  src="https://marq-sostenible.com/wp-content/uploads/2024/12/marquitectura_b5_destacada-870x570.webp" /></a></div><div class="ultp-block-content"><h2 class="ultp-block-title "><a href="https://marq-sostenible.com/es/casa-b5/">Reforma integral Casa B5</a></h2><div class="ultp-block-excerpt"><p>Proyectos Reforma integral Casa B5 La reforma integral de esta vivienda, situada en el distrito de Sarrià-Sant Gervasi, parte de la voluntad&hellip;</p>
</div></div></div></div><div class="ultp-block-item post-id-991"><div class="ultp-block-content-wrap"><div class="ultp-block-image ultp-block-image-zoomIn"><a href="https://marq-sostenible.com/es/casa-sanzano/"><img decoding="async"  class="ultp-block-image-content"  alt="Casa Sanzano, Ciutat Vella, Barcelona"  src="https://marq-sostenible.com/wp-content/uploads/2024/12/marquitectura_casa_sanzano_destacado-870x570.webp" /></a></div><div class="ultp-block-content"><h2 class="ultp-block-title "><a href="https://marq-sostenible.com/es/casa-sanzano/">Transformación arquitectónica Casa Sanzano</a></h2><div class="ultp-block-excerpt"><p>Proyectos Transformación arquitectónica Casa Sanzano Una antigua lechería, propiedad de la misma familia desde hace casi un siglo, se convierte en el&hellip;</p>
</div></div></div></div><div class="ultp-block-item post-id-1060"><div class="ultp-block-content-wrap"><div class="ultp-block-image ultp-block-image-zoomIn"><a href="https://marq-sostenible.com/es/pavello-blanc/"><img decoding="async"  class="ultp-block-image-content"  alt="Pavelló Blanc Port de Barcelona exterior"  src="https://marq-sostenible.com/wp-content/uploads/2024/12/marquitectura_pavelloblanc_destacada-870x570.webp" /></a></div><div class="ultp-block-content"><h2 class="ultp-block-title "><a href="https://marq-sostenible.com/es/pavello-blanc/">Pavelló Blanc</a></h2><div class="ultp-block-excerpt"><p>Proyectos Pavelló Blanc El pabellón externo es una construcción específicamente concebida para un uso temporal, que responde a dos premisas fundamentales: alcanzar&hellip;</p>
</div></div></div></div><div class="ultp-block-item post-id-921"><div class="ultp-block-content-wrap"><div class="ultp-block-image ultp-block-image-zoomIn"><a href="https://marq-sostenible.com/es/casa-en-terramar-sitges/"><img decoding="async"  class="ultp-block-image-content"  alt="Casa BF, Sitges"  src="https://marq-sostenible.com/wp-content/uploads/2023/05/casa_terramar_sitges_01.webp" /></a></div><div class="ultp-block-content"><h2 class="ultp-block-title "><a href="https://marq-sostenible.com/es/casa-en-terramar-sitges/">Casa BF, Sitges</a></h2><div class="ultp-block-excerpt"><p>Proyectos Casa BF, Sitges Rehabilitación de vivienda unifamiliar aislada con criterios de eficiencia energética. Rehabilitación de vivienda unifamiliar aislada con criterios de&hellip;</p>
</div></div></div></div><div class="ultp-block-item post-id-919"><div class="ultp-block-content-wrap"><div class="ultp-block-image ultp-block-image-zoomIn"><a href="https://marq-sostenible.com/es/casa-gz-les-navas-barcelona/"><img decoding="async"  class="ultp-block-image-content"  alt="Casa GZ, les Navas, Barcelona"  src="https://marq-sostenible.com/wp-content/uploads/2023/05/casa_gz_navas_slider_01-870x570.webp" /></a></div><div class="ultp-block-content"><h2 class="ultp-block-title "><a href="https://marq-sostenible.com/es/casa-gz-les-navas-barcelona/">Casa GZ, les Navas, Barcelona</a></h2><div class="ultp-block-excerpt"><p>Projectes Casa GZ, les Navas, Barcelona Rehabilitación de vivienda unifamiliar entre medianeras con criterios de eficiencia energética y arquitectura sostenible. Vivienda con&hellip;</p>
</div></div></div></div><div class="ultp-block-item post-id-915"><div class="ultp-block-content-wrap"><div class="ultp-block-image ultp-block-image-zoomIn"><a href="https://marq-sostenible.com/es/casa-sa-berga-el-bergueda/"><img decoding="async"  class="ultp-block-image-content"  alt="Casa SA, Berga, el Berguedà"  src="https://marq-sostenible.com/wp-content/uploads/2023/05/casa_sa_berga_slider_01-870x570.webp" /></a></div><div class="ultp-block-content"><h2 class="ultp-block-title "><a href="https://marq-sostenible.com/es/casa-sa-berga-el-bergueda/">Casa SA, Berga, el Berguedà</a></h2><div class="ultp-block-excerpt"><p>Proyectos Casa SA, Berga, el Berguedà Rehabilitación de vivienda unifamiliar entre medianeras. Lugar: Berga, el BerguedàSuperficie: 120 m²Presupuesto: 80.000 €Proyecto: 2017-2018 |&hellip;</p>
</div></div></div></div></div><div class="ultp-pagination-wrap ultp-pagination-ajax-action" data-paged="1" data-expost=""  data-blockid="8acf24" data-postid="905" data-pages="2" data-blockname="ultimate-post_post-grid-1" data-selfpostid="yes"><ul class="ultp-pagination"><li class="ultp-prev-page-numbers" style="display:none"><a href="https://marq-sostenible.com/es/wp-json/wp/v2/pages/905/"><svg xmlns="http://www.w3.org/2000/svg" fill="none" viewBox="0 0 24 24">
  <path stroke="currentColor" stroke-linecap="round" stroke-linejoin="round" stroke-width="1.5" d="m15 18-6-6 6-6"/>
</svg>
 Anterior</a></li><li class="ultp-center-item pagination-active" data-current="1"><a href="https://marq-sostenible.com/es/wp-json/wp/v2/pages/905/">1</a></li><li class="ultp-center-item" data-current="2" ><a href="https://marq-sostenible.com/es/wp-json/wp/v2/pages/905/page/2/">2</a></li><li class="ultp-last-dot" style="display:none"><a href="#">&#8230;</a></li><li class="ultp-next-page-numbers"><a href="https://marq-sostenible.com/es/wp-json/wp/v2/pages/905/page/2/">Siguiente<svg xmlns="http://www.w3.org/2000/svg" fill="none" viewBox="0 0 24 24">
  <path stroke="currentColor" stroke-linecap="round" stroke-linejoin="round" stroke-width="1.5" d="m9 18 6-6-6-6"/>
</svg>
</a></li></ul></div></div><div class="pagination-block-html" aria-hidden="true" style="display: none;"></div></div>

<p>Proyectos Queremos crear espacios para vivir. Desarrollamos proyectos de arquitectura sostenible, rehabilitaciones energéticas para transformar edificios existentes en espacios eficientes y sostenibles, y servicios de interiorismo personalizado para crear espacios confortables, estéticos y funcionales.</p>
